?
-175
In base 4, what is -2210 + -11?
-2221
In base 15, what is 1a0 + 1?
1a1
In base 2, what is 110111 + -11000?
11111
In base 16, what is a - 57?
-4d
In base 12, what is -64 + -46?
-aa
In base 9, what is -5 - -451?
445
In base 10, what is 2 - -896?
898
In base 12, what is 15 - -147?
160
In base 9, what is -155 + -4?
-160
In base 12, what is 87 - -46?
111
In base 14, what is 5a + 13?
6d
In base 2, what is -10100 - 1010101111?
-1011000011
In base 11, what is -44 + -1?
-45
In base 8, what is 4572 + -12?
4560
In base 7, what is -1 - -61?
60
In base 5, what is 122 + 1?
123
In base 8, what is 4 - 24?
-20
In base 11, what is -226 + 4?
-222
In base 13, what is b - -2?
10
In base 8, what is -44306 + 5?
-44301
In base 10, what is 2905 + -3?
2902
In base 9, what is -2 + 85?
83
In base 6, what is -125202 + 2?
-125200
In base 9, what is 200 + -1?
188
In base 7, what is -2431 - -3?
-2425
In base 2, what is 100000 + 0?
100000
In base 15, what is -a + -9?
-14
In base 5, what is 324 + 4?
333
In base 16, what is -53 + 0?
-53
In base 3, what is 10 + 11102?
11112
In base 10, what is -7 - 54?
-61
In base 4, what is 2210 + -2?
2202
In base 5, what is -11 + -1201?
-1212
In base 8, what is 14 + 22?
36
In base 3, what is -1220 - 12?
-2002
In base 16, what is -34 - -7?
-2d
In base 5, what is 22 + 41?
113
In base 9, what is -35 - -162?
126
In base 12, what is 131a - 0?
131a
In base 8, what is 1 - -73?
74
In base 2, what is 111 - 1000001?
-111010
In base 6, what is 1431 - -4?
1435
In base 3, what is -10 + -102210?
-102220
In base 15, what is 0 + c?
c
In base 7, what is 125 + -1?
124
In base 14, what is 0 + -9?
-9
In base 10, what is -803 + 5?
-798
In base 13, what is -85 + -5?
-8a
In base 14, what is -32 - 3?
-35
In base 14, what is -a6 + -4?
-aa
In base 8, what is -4 - 1375?
-1401
In base 10, what is -1783 + -5?
-1788
In base 3, what is 10 + 2100?
2110
In base 5, what is 33 - -11?
44
In base 4, what is 1020 + 103?
1123
In base 4, what is -13022 + -130?
-13212
In base 16, what is -39b + 5?
-396
In base 5, what is -213 - 23?
-241
In base 7, what is -4 - 533?
-540
In base 15, what is 70 - -4?
74
In base 3, what is -121 - -2010?
1112
In base 5, what is 4402 - -3?
4410
In base 3, what is 12 - 102001?
-101212
In base 15, what is 9 + 1a?
24
In base 8, what is -3 - -54?
51
In base 6, what is 444 - -1?
445
In base 13, what is -2 - 10?
-12
In base 8, what is 4 + 4506?
4512
In base 5, what is 124 + 42?
221
In base 5, what is -13 - -10000?
4432
In base 12, what is -20 + 46?
26
In base 3, what is 202 + -20112?
-12210
In base 3, what is 2010221 - 1?
2010220
In base 15, what is -8 - 403?
-40b
In base 12, what is 251 - -1?
252
In base 14, what is 4 + -30?
-2a
In base 7, what is -1 + -40?
-41
In base 10, what is -34 - 0?
-34
In base 8, what is -120 + -34?
-154
In base 5, what is 113 + 30?
143
In base 3, what is -1 + 1012000?
1011222
In base 4, what is 102332 + 3?
103001
In base 16, what is -48 - 11?
-59
In base 8, what is -5 - -14?
7
In base 11, what is a - 44?
-35
In base 14, what is -b0 - 13?
-c3
In base 14, what is -41 + -12?
-53
In base 14, what is b - 2?
9
In base 11, what is 13 - -148?
160
In base 3, what is -11 + -1200?
-1211
In base 16, what is 2 - -24?
26
In base 12, what is a958 - -3?
a95b
In base 5, what is -3141303 - -3?
-3141300
In base 14, what is 4 - 1c?
-18
In base 8, what is -232 + 2?
-230
In base 4, what is 23 - -112?
201
In base 7, what is -1146 - -3?
-1143
In base 15, what is -4 - -7?
3
In base 16, what is -5 - -31?
2c
In base 6, what is -5141 - 3?
-5144
In base 16, what is -15d + -c?
-169
In base 4, what is 10031 + -112?
3313
In base 6, what is -5 - -13214?
13205
In base 3, what is 10 + -2000020?
-2000010
In base 9, what is -7 - -16?
8
In base 4, what is -2 - -13?
11
In base 9, what is -4383 + -2?
-4385
In base 7, what is -103542 + -4?
-103546
In base 6, what is -1001 + -11?
-1012
In base 12, what is -8 + 21?
15
In base 8, what is -4 - 7012?
-7016
In base 10, what is 0 + 181?
181
In base 8, what is 11 - -10?
21
In base 2, what is 111111010 - 10010?
111101000
In base 8, what is 5 + 2502?
2507
In base 15, what is 70 - 95?
-25
In base 9, what is -3354 - -2?
-3352
In base 15, what is 9 - 81?
-77
In base 14, what is 4 - -206?
20a
In base 4, what is 11 + 1310?
1321
In base 11, what is -2 + -210?
-212
In base 5, what is 30 + 32?
112
In base 7, what is 31623 - -2?
31625
In base 11, what is 1 - -1704?
1705
In base 8, what is 5721 + -5?
5714
In base 13, what is -1 + -6c?
-70
In base 16, what is -b2 - -b?
-a7
In base 13, what is 5 + 56?
5b
In base 6, what is 34 - 11?
23
In base 11, what is -1120 + -3?
-1123
In base 10, what is 14743 - -1?
14744
In base 7, what is 2 + 352?
354
In base 4, what is 230 + 2?
232
In base 14, what is -7 - -255?
24c
In base 14, what is -13 - -38?
25
In base 13, what is -66 - 3?
-69
In base 12, what is -3 + 61?
5a
In base 9, what is -522 - 5?
-527
In base 11, what is -1 - 235?
-236
In base 11, what is -4 + 52?
49
In base 2, what is 100001 - 10001?
10000
In base 8, what is 227 + 14?
243
In base 16, what is 6 - -398?
39e
In base 8, what is -43 - -1?
-42
In base 4, what is -10213 - 3?
-10222
In base 4, what is 2 + -23233?
-23231
In base 8, what is 123 - 0?
123
In base 14, what is -736 + -2?
-738
In base 4, what is 11121 - 130?
10331
In base 11, what is 131 + 40?
171
In base 8, what is -1 + -73?
-74
In base 3, what is 110022 + 11?
110110
In base 14, what is -36 - -19?
-1b
In base 6, what is -105 - -212?
103
In base 5, what is 324132 - -3?
324140
In base 10, what is 1006 - 5?
1001
In base 14, what is -1763 + 4?
-175d
In base 6, what is 203 - 1?
202
In base 10, what is 5 + 1091?
1096
In base 13, what is 5a - -8?
65
In base 5, what is 2 + -4212?
-4210
In base 9, what is -1611 - 7?
-1618
In base 7, what is 3 + 1311?
1314
In base 12, what is 14003 - 2?
14001
In base 13, what is 49 + 0?
49
In base 11, what is -509 + -5?
-513
In base 16, what is 4c20 - 2?
4c1e
In base 10, what is 5 + 831?
836
In base 6, what is -2020 - 3?
-2023
In base 3, what is -10020201 + 2?
-10020122
In base 9, what is -5 - 8410?
-8415
In base 2, what is 11101010 + -11?
11100111
In base 16, what is 5 - cd?
-c8
In base 11, what is 933 - -3?
936
In base 6, what is -113 - 3?
-120
In base 14, what is -d - -c3?
b4
In base 16, what is -3 + -fac?
-faf
In base 2, what is 101 - -10110101?
10111010
In base 12, what is 48 - -4?
50
In base 16, what is -1 + -1?
-2
In base 14, what is -d + -255?
-264
In base 5, what is 444344 - -1?
444400
In base 12, what is 4 - -6?
a
In base 10, what is -22 + -2?
-24
In base 2, what is 11111010000 - -11?
11111010011
In base 11, what is -7 - 0?
-7
In base 3, what is 2 - -201020?
201022
In base 10, what is -1 - 211?
-212
In base 10, what is -20 - -219?
199
In base 10, what is -5 - 76?
-81
In base 5, what is 11 + 21?
32
In base 3, what is 2000 - -11?
2011
In base 10, what is -21 + 414?
393
In base 2, what is -101 + 11001?
10100
In base 16, what is -6 - d41?
-d47
In base 5, what is -43 - -3103?
3010
In base 12, what is 343 - -47?
38a
In base 12, what is -1 - -909?
908
In base 12, what is -21 - 12?
-33
In base 2, what is 10 - -11101?
11111
In base 7, what is 63 - -102?
165
In base 12, what is -2 + 9?
7
In base 14, what is 5 - 77?
-72
In base 12, what is 1 + -157?
-156
In base 14, what is -4 - -56?
52
In base 4, what is 31032 + -10?
31022
In base 11, what is -4 - 1663?
-1667
In base 14, what is 11 - 28?
-17
In base 2, what is -10011 - 10?
-10101
In base 14, what is 40 + d?
4d
In base 13, what is 1424 - 1?
1423
In base 4, what is 113 + 0?
113
In base 3, what is -200 + 22?
-101
In base 11, what is -56 - 4?
-5a
In base 2, what is -10001100100 + 101?
-10001011111
In base 13, what is 14 - 1c8?
-1b4
In base 14, what is -11c + -c?
-12a
In base 4, what is 1 + -1333?
-1332
In base 16, what is -1 - -15?
14
In base 14, what is 4 - 4b?
-47
In base 9, what is -52 + -1?
-53
In base 8, what is -4 - 1744?
-1750
In base 12, what is -5 + 0?
-5
In base 11, what is 351 - 5?
347
In base 16, what is 274 + -9?
26b
In base 14, what is -3 - 1232?
-1235
In base 6, what is -124 - -442?
314
In base 12, what is 22 - 2?
20
In base 13, what is 342 - -5?
347
In base 8, what is -560 - 5?
-565
In base 9, what is -1 - 5464?
-5465
In base 10, what is 0 + 279?
279
In base 4, what is 11123 + 2?
11131
In base